s divided by 449?
138
Calculate the remainder when 879147 is divided by 79918.
49
Calculate the remainder when 421577 is divided by 421576.
1
What is the remainder when 271134 is divided by 33881?
86
What is the remainder when 2568131 is divided by 616?
27
What is the remainder when 4631905 is divided by 330831?
271
Calculate the remainder when 6457876 is divided by 2369.
2351
Calculate the remainder when 8451700 is divided by 65517.
7
Calculate the remainder when 4875290 is divided by 696465.
35
Calculate the remainder when 7291324 is divided by 38.
36
Calculate the remainder when 14931811 is divided by 12371.
14
What is the remainder when 8934229 is divided by 992686?
55
Calculate the remainder when 1498479 is divided by 150.
129
Calculate the remainder when 413893 is divided by 12173.
11
What is the remainder when 5648 is divided by 1206?
824
What is the remainder when 16305820 is divided by 153?
151
Calculate the remainder when 43151025 is divided by 5393874.
33
Calculate the remainder when 20515 is divided by 2827.
726
Calculate the remainder when 4352265 is divided by 1589.
1583
What is the remainder when 5945501 is divided by 1847?
8
What is the remainder when 139793 is divided by 46554?
131
Calculate the remainder when 1240735 is divided by 74.
51
What is the remainder when 1959677 is divided by 48982?
397
What is the remainder when 279114 is divided by 139548?
18
Calculate the remainder when 1597461 is divided by 798629.
203
Calculate the remainder when 3206450 is divided by 10.
0
Calculate the remainder when 112973 is divided by 203.
105
What is the remainder when 3191673 is divided by 1439?
1410
Calculate the remainder when 26896226 is divided by 928.
2
Calculate the remainder when 1872041 is divided by 304.
9
Calculate the remainder when 3625880 is divided by 720.
680
Calculate the remainder when 6620154 is divided by 662010.
54
Calculate the remainder when 17541 is divided by 1248.
69
Calculate the remainder when 50785989 is divided by 662.
659
What is the remainder when 36064 is divided by 17902?
260
What is the remainder when 13011 is divided by 926?
47
Calculate the remainder when 367628 is divided by 52502.
114
Calculate the remainder when 113035563 is divided by 10694.
10677
What is the remainder when 31985 is divided by 6723?
5093
What is the remainder when 3774951 is divided by 2196?
27
What is the remainder when 133953 is divided by 4310?
343
What is the remainder when 86796 is divided by 28819?
339
Calculate the remainder when 5742561 is divided by 302240.
1
Calculate the remainder when 1151581 is divided by 203.
165
Calculate the remainder when 34067 is divided by 1363.
1355
What is the remainder when 7514282 is divided by 195?
152
What is the remainder when 59716 is divided by 7332?
1060
What is the remainder when 12792362 is divided by 846?
842
What is the remainder when 572550 is divided by 213?
6
What is the remainder when 247018 is divided by 1651?
1019
Calculate the remainder when 283217 is divided by 831.
677
What is the remainder when 4840943 is divided by 222?
11
What is the remainder when 2118282 is divided by 115?
97
Calculate the remainder when 2254718 is divided by 544.
382
Calculate the remainder when 2100471 is divided by 3685.
21
Calculate the remainder when 628098505 is divided by 78.
73
What is the remainder when 602861 is divided by 602445?
416
What is the remainder when 38295 is divided by 8542?
4127
Calculate the remainder when 14815 is divided by 2036.
563
What is the remainder when 781277 is divided by 6683?
6049
What is the remainder when 2753092 is divided by 2627?
2623
What is the remainder when 13868101 is divided by 285?
1
What is the remainder when 3665729 is divided by 24?
17
Calculate the remainder when 16537441 is divided by 5981.
5957
What is the remainder when 174581 is divided by 14655?
13376
What is the remainder when 277841 is divided by 882?
11
Calculate the remainder when 389537 is divided by 194763.
11
Calculate the remainder when 75281 is divided by 2426.
75
Calculate the remainder when 4489195 is divided by 1122208.
363
What is the remainder when 16939721 is divided by 15?
11
Calculate the remainder when 579154 is divided by 472.
10
Calculate the remainder when 4385195 is divided by 132884.
23
Calculate the remainder when 227704 is divided by 406.
344
What is the remainder when 98941 is divided by 73?
26
What is the remainder when 32067 is divided by 308?
35
What is the remainder when 456962 is divided by 57120?
2
Calculate the remainder when 40926 is divided by 1056.
798
What is the remainder when 1325127 is divided by 34867?
181
What is the remainder when 14245580 is divided by 154843?
24
What is the remainder when 24307974 is divided by 3143?
12
Calculate the remainder when 770851 is divided by 5795.
116
Calculate the remainder when 98144 is divided by 6275.
4019
Calculate the remainder when 1704 is divided by 479.
267
Calculate the remainder when 2669570 is divided by 491.
3
Calculate the remainder when 31767842 is divided by 123.
17
What is the remainder when 2771029 is divided by 6567?
6322
Calculate the remainder when 12077655 is divided by 319.
315
Calculate the remainder when 4355859 is divided by 2045.
9
What is the remainder when 2198104 is divided by 22203?
7
Calculate the remainder when 760814 is divided by 2960.
94
What is the remainder when 9338131 is divided by 5?
1
What is the remainder when 249758 is divided by 35232?
3134
What is the remainder when 10340834 is divided by 77?
42
What is the remainder when 3518496 is divided by 23148?
0
What is the remainder when 471554 is divided by 52361?
305
What is the remainder when 33521 is divided by 11057?
350
Calculate the remainder when 328334 is divided by 5961.
479
Calculate the remainder when 916898 is divided by 73.
18
What is the remainder when 39792757 is divided by 6440?
6437
What is the remainder when 474450 is divided by 304?
210
Calculate the remainder when 156015867 is divided by 930.
927
Calculate the remainder when 22921162 is divided by 8338.
0
What is the remainder when 79999 is divided by 640?
639
What is the remainder when 2338436 is divided by 331?
252
What is the remainder when 2616423 is divided by 5639?
5566
What is the remainder when 10855631 is divided by 138?
137
Calculate the remainder when 3440448 is divided by 470.
48
Calculate the remainder when 28087570 is divided by 1404377.
30
Calculate the remainder when 12917381 is divided by 5318.
5277
Calculate the remainder when 72405073 is divided by 137391.
16
Calculate the remainder when 895758219 is divided by 25.
19
What is the remainder when 119570 is divided by 202?
188
Calculate the remainder when 1686526 is divided by 2964.
10
Calculate the remainder when 5912544 is divided by 12.
0
What is the remainder when 40229530 is divided by 19?
13
What is the remainder when 24121 is divided by 779?
751
Calculate the remainder when 151644 is divided by 266.
24
Calculate the remainder when 488025 is divided by 4888.
4113
Calculate the remainder when 173297 is divided by 94.
55
What is the remainder when 804174 is divided by 100061?
3686
What is the remainder when 17727213 is divided by 8?
5
Calculate the remainder when 4194619 is divided by 13982.
19
What is the remainder when 12158486 is divided by 1282?
1280
What is the remainder when 34792151 is divided by 45?
41
What is the remainder when 24040435 is divided by 8013474?
13
What is the remainder when 2401045 is divided by 238?
101
Calculate the remainder when 204674 is divided by 19914.
5534
Calculate the remainder when 320715 is divided by 9332.
3427
Calculate the remainder when 2192681 is divided by 764.
1
Calculate the remainder when 1088763 is divided by 15779.
12
What is the remainder when 251334 is divided by 20931?
162
What is the remainder when 1870601 is divided by 16266?
11
What is the remainder when 5332803 is divided by 171?
168
Calculate the remainder when 19617305 is divided by 463.
458
What is the remainder when 162976435 is divided by 1058?
1057
What is the remainder when 96297 is divided by 19074?
927
Calculate the remainder when 4126977 is divided by 2220.
2217
What is the remainder when 15895736 is divided by 869?
857
Calculate the remainder when 14020163 is divided by 2317.
2